(base 13) in base 12?
-4
Convert -14 (base 8) to base 11.
-11
-33 (base 12) to base 6
-103
-4 (base 6) to base 9
-4
What is 145 (base 8) in base 4?
1211
Convert 12 (base 3) to base 5.
10
What is 33 (base 13) in base 15?
2c
3 (base 6) to base 8
3
Convert 6 (base 10) to base 16.
6
What is 1130 (base 4) in base 6?
232
Convert 5 (base 13) to base 9.
5
Convert 0 (base 16) to base 14.
0
What is 11 (base 8) in base 16?
9
131 (base 4) to base 13
23
Convert -1011 (base 2) to base 13.
-b
What is -7 (base 8) in base 14?
-7
-1011 (base 2) to base 14
-b
-200 (base 6) to base 11
-66
-1 (base 16) to base 5
-1
-3 (base 5) to base 6
-3
15 (base 9) to base 8
16
-54 (base 8) to base 10
-44
Convert -6 (base 10) to base 15.
-6
8 (base 13) to base 12
8
What is 1 (base 13) in base 3?
1
What is -32 (base 6) in base 11?
-19
What is 45 (base 7) in base 10?
33
6 (base 8) to base 5
11
Convert 65 (base 16) to base 9.
122
Convert 151 (base 8) to base 13.
81
b (base 16) to base 6
15
What is 15 (base 12) in base 15?
12
What is 6a (base 11) in base 3?
2211
Convert -25 (base 7) to base 5.
-34
-111 (base 2) to base 4
-13
Convert 0 (base 4) to base 2.
0
27 (base 11) to base 10
29
What is 2 (base 16) in base 7?
2
What is 21 (base 6) in base 14?
d
-21210 (base 3) to base 11
-181
-10 (base 11) to base 12
-b
303 (base 5) to base 14
58
-2 (base 14) to base 6
-2
Convert 0 (base 8) to base 15.
0
What is 3 (base 4) in base 7?
3
What is -23 (base 5) in base 9?
-14
-4 (base 8) to base 10
-4
What is 10 (base 3) in base 2?
11
-123 (base 4) to base 7
-36
-1 (base 4) to base 6
-1
Convert 1003 (base 6) to base 5.
1334
What is 34 (base 13) in base 11?
3a
4 (base 11) to base 9
4
What is -99 (base 11) in base 16?
-6c
Convert 2 (base 14) to base 12.
2
Convert -1 (base 14) to base 16.
-1
414 (base 8) to base 11
224
Convert -bc (base 13) to base 16.
-9b
Convert -1 (base 15) to base 11.
-1
What is -11 (base 4) in base 9?
-5
-4 (base 10) to base 2
-100
2 (base 14) to base 10
2
246 (base 7) to base 4
2010
-120 (base 3) to base 10
-15
Convert 2 (base 14) to base 16.
2
What is 144 (base 7) in base 13?
63
0 (base 15) to base 10
0
-34 (base 7) to base 5
-100
4 (base 11) to base 7
4
-97 (base 13) to base 12
-a4
What is -2 (base 3) in base 10?
-2
Convert 1 (base 11) to base 4.
1
What is -95 (base 16) in base 4?
-2111
What is -4 (base 16) in base 10?
-4
Convert -24 (base 16) to base 2.
-100100
What is 1 (base 6) in base 11?
1
-23 (base 7) to base 2
-10001
What is -1 (base 11) in base 9?
-1
What is 30 (base 6) in base 9?
20
What is -7 (base 11) in base 14?
-7
Convert 38 (base 12) to base 3.
1122
What is -1 (base 2) in base 9?
-1
Convert -121 (base 3) to base 2.
-10000
0 (base 10) to base 5
0
Convert bc (base 13) to base 12.
10b
Convert 1010 (base 2) to base 13.
a
-133 (base 13) to base 14
-111
Convert 10 (base 3) to base 16.
3
1 (base 16) to base 2
1
Convert -27 (base 11) to base 5.
-104
What is -61 (base 8) in base 5?
-144
Convert 1 (base 14) to base 9.
1
What is -2 (base 15) in base 8?
-2
Convert -11 (base 4) to base 10.
-5
-8 (base 14) to base 5
-13
-510 (base 7) to base 2
-11111100
d (base 14) to base 9
14
-21 (base 8) to base 10
-17
Convert -1 (base 7) to base 4.
-1
What is -33 (base 5) in base 13?
-15
-42 (base 10) to base 14
-30
What is -323 (base 4) in base 11?
-54
-1100 (base 2) to base 11
-11
Convert -3 (base 11) to base 2.
-11
-10 (base 6) to base 16
-6
68 (base 13) to base 11
79
4 (base 12) to base 8
4
Convert -414 (base 9) to base 3.
-110111
26 (base 7) to base 16
14
344 (base 8) to base 9
273
Convert -11220 (base 3) to base 6.
-340
What is 1004 (base 5) in base 14?
93
Convert 101 (base 4) to base 8.
21
10 (base 8) to base 12
8
8 (base 16) to base 2
1000
74 (base 10) to base 14
54
-13 (base 11) to base 14
-10
Convert 8 (base 10) to base 3.
22
What is -4c (base 16) in base 9?
-84
Convert 2 (base 14) to base 16.
2
What is -2 (base 6) in base 2?
-10
What is 1100 (base 2) in base 13?
c
25 (base 9) to base 6
35
Convert -26 (base 11) to base 9.
-31
-110 (base 2) to base 9
-6
-1 (base 4) to base 2
-1
Convert -110 (base 2) to base 10.
-6
Convert 5 (base 9) to base 4.
11
Convert -3 (base 11) to base 14.
-3
-b (base 15) to base 3
-102
-30 (base 9) to base 7
-36
Convert 0 (base 14) to base 10.
0
-47 (base 8) to base 5
-124
-510 (base 7) to base 2
-11111100
-27 (base 9) to base 12
-21
Convert 2 (base 15) to base 4.
2
-123 (base 7) to base 8
-102
What is -1 (base 16) in base 15?
-1
What is 10 (base 8) in base 9?
8
-101001 (base 2) to base 6
-105
Convert 322 (base 9) to base 5.
2023
-31 (base 7) to base 10
-22
What is -311 (base 11) in base 2?
-101110111
Convert -20 (base 3) to base 11.
-6
What is 4 (base 11) in base 16?
4
Convert 0 (base 8) to base 2.
0
Convert -17 (base 14) to base 13.
-18
126 (base 10) to base 5
1001
Convert -2 (base 13) to base 2.
-10
3 (base 8) to base 16
3
What is -11 (base 5) in base 14?
-6
32 (base 6) to base 7
26
What is 20 (base 3) in base 11?
6
1 (base 9) to base 3
1
233 (base 4) to base 13
38
-4 (base 9) to base 2
-100
What is -13 (base 9) in base 13?
-c
What is -56 (base 7) in base 10?
-41
Convert -101 (base 2) to base 8.
-5
-101001 (base 2) to base 10
-41
-64 (base 16) to base 12
-84
Convert -2 (base 7) to base 3.
-2
What is -1121 (base 3) in base 16?
-2b
What is 3123 (base 4) in base 6?
1003
Convert -1c (base 15) to base 12.
-23
111000 (base 2) to base 5
211
What is -11 (base 3) in base 13?
-4
Convert -5 (base 9) to base 14.
-5
What is -32 (base 4) in base 3?
-112
Convert 75 (base 15) to base 9.
132
What is 7 (base 15) in base 10?
7
Convert 74 (base 13) to base 15.
65
-4 (base 12) to base 5
-4
1 (base 16) to base 9
1
What is -157 (base 9) in base 7?
-250
-1 (base 3) to base 13
-1
What is -11 (base 12) in base 9?
-14
What is 0 (base 15) in base 4?
0
Convert 541 (base 7) to base 13.
181
What is 23 (base 7) in base 15?
12
What is -10 (base 3) in base 15?
-3
2 (base 16) to base 2
10
4 (base 10) to base 15
4
Convert 6 (base 16) to base 10.
6
What is 4 (base 6) in base 2?
100
37 (base 15) to base 14
3a
What is -54 (base 9) in base 6?
-121
Convert -201 (base 3) to base 2.
-10011
What is -31 (base 5) in base 9?
-17
Convert -2 (base 5) to base 15.
-2
-1 (base 3) to base 10
-1
-2 (base 12) to base 15
-2
6 (base 16) to base 14
6
What is 35 (base 9) in base 8?
40
Convert 354 (base 6) to base 7.
262
3 (base 7) to base 4
3
Convert -12 (base 16) to base 6.
-30
-48 (base 9) to base 4
-230
-34 (base 5) to base 4
-103
-7 (base 11) to base 3
-21
-314 (base 6) to base 12
-9a
What is c9 (base 14) in base 6?
453
Convert 4 (base 5) to base 4.
10
What is -1 (base 16) in base 3?
-1
-2 (base 6) to base 8
-2
What is 1 (base 8) in base 6?
1
Convert -8 (base 14) to base 10.
-8
What is -4 (base 9) in base 6?
-4
What is 1 (base 8) in base 14?
1
What is -11202 (base 3) in base 6?
-332
What is 9 (base 16) in base 4?
21
Convert 4 (base 8) to base 10.
4
What is -2 (base 13) in base 8?
-2
What is -5 (base 6) in base 5?
-10
What is -5 (base 8) in base 14?
-5
What is -1 (base 10) in base 4?
-1
-14 (base 7) to base 5
-21
Convert 201 (base 9) to base 7.
322
2d (base 16) to base 14
33
Convert 8 (base 13) to base 15.
8
Convert -13 (base 16) to base 5.
-34
What is 180 (base 16) in base 2?
110000000
Convert -7 (base 15) to base 4.
-13
1a (base 14) to base 8
30
-11 (base 4) to base 13
-5
What is -25 (base 16) in base 9?
-41
What is -2 (base 9) in base 2?
-10
Convert -12 (base 4) to base 15.
-6
What is 2 (base 3) in base 7?
2
-234 (base 7) to base 5
-443
Convert 0 (base 15) to base 14.
0
What is -100 (base 3) in base 2?
-1001
Convert -36 (base 15) to base 10.
-51
Convert -5 (base 16) to base 14.
-5
-10022 (base 4) to base 15
-12b
-4 (base 11) to base 8
-4
-4 (base 14) to base 13
-4
-2 (base 16) to base 8
-2
What is 64 (base 12) in base 15?
51
11 (base 4) to base 13
5
Convert 21 (base 4) to base 3.
100
Convert 4 (base 16) to base 12.
4
What is 25 (base 6) in base 9?
18
Convert -5 (base 14) to base 9.
-5
d (base 16) to base 11
12
Convert -1001 (base 2) to base 15.
-9
-2b (base 13) to base 3
-1101
-15 (base 15) to base 11
-19
Convert -7 (base 10) to base 7.
-10
What is -102 (base 3) in base 7?
-14
Convert -1000000 (base 2) to base 10.
-64
-6 (base 9) to base 4
-12
-5 (base 15) to base 3
-12
10 (base 8) to base 9
8
What is 